r of o and 4141.
41
Let l(i) = -i + 4. Let f be l(2). Suppose -4*j = u + 3 - 7, -5*j = f*u - 14. Calculate the greatest common divisor of 30 and u.
6
Suppose -4*v + 21 = 17. Let s be (8/4 + -1)*113 - v. What is the highest common factor of s and 16?
16
Let y(w) = -111*w**3 - 1. Let r be y(-1). Let i(q) = -q**3 + 7*q**2 + 12*q - 22. Let h be i(8). Calculate the highest common factor of h and r.
10
Let k(b) = -27*b + 6. Let z be k(-5). Let j = -57 + z. What is the greatest common factor of 12 and j?
12
Suppose 12 = 5*m - 2*m - 3*z, -4*m = -z - 16. Let l be (m/(-1))/8*-142. Suppose 25 + l = 3*o. What is the highest common factor of 8 and o?
8
Let v = 75 + -35. Suppose -3*b = -2*a + 185, 3*b + 32 = a - 53. Let x = -90 + a. What is the greatest common divisor of x and v?
10
Let g be ((-8)/(-16))/((-1)/(-42)). Let r be 9/g + 9/(-21). Suppose k + 5 = 6*k - 5*w, r = -3*w + 12. What is the highest common factor of k and 45?
5
Let w(y) = -y**3 - 6*y**2 - 5*y + 6. Let m be w(-5). Suppose -m = -3*x, 0*x + 77 = 5*t + x. What is the greatest common factor of 10 and t?
5
Let l(m) = 5*m + 17. Let w be l(-4). Let k be 2/(w + (-38)/(-14))*-2. What is the highest common divisor of 7 and k?
7
Let l be -2 - (-397)/(-2)*-4. What is the greatest common factor of 18 and l?
18
Let v = -542 + 611. Calculate the greatest common factor of v and 322.
23
Suppose q + 3*q + 4 = -3*a, -3*q = -3*a + 24. Let u be -5*(-8)/a + 2. Let w be 83 + -2 - (3 - 6). What is the greatest common divisor of w and u?
12
Let u = 1191 - 633. Calculate the greatest common divisor of u and 124.
62
Let a(o) = -514*o - 18. Let k be a(-1). What is the highest common factor of 8 and k?
8
Suppose t + 9 = 3*s - 6*s, 0 = -t - 5*s - 17. Suppose -5*d - t = -18. Let y be (-11)/55 - (-1)/(10/332). What is the greatest common divisor of d and y?
3
Let f(z) = -z**2 + 280. Let b be f(0). Suppose -3*d + 11*d = b. Calculate the greatest common factor of d and 5.
5
Let d(x) = -x**2 + x + 3. Let b(o) = -1. Let w(v) = 2*b(v) - d(v). Let f be w(4). Calculate the greatest common divisor of 77 and f.
7
Let h = 46 - 43. Suppose 2*f = r - 6*r + 67, -h*f - 3*r + 105 = 0. What is the greatest common factor of 144 and f?
36
Suppose 35*f - 1822 - 2903 = 0. What is the highest common divisor of 255 and f?
15
Suppose 9*z - 4*z - 1000 = 0. Let a = 84 - z. Let v be a/(-12) + 2/6. What is the highest common divisor of 110 and v?
10
Let v be 3/(-6)*(1 + -7) - -79. What is the highest common factor of v and 164?
82
Suppose 2354 = g + 2*f, -4*g + 35*f = 39*f - 9416. What is the greatest common factor of 22 and g?
22
Let l(y) = y**3 + 2*y - 5. Suppose -5*p - 185 = 5*a, a + 0 = -1. Let m = p + 41. Let r be l(m). What is the greatest common factor of 26 and r?
26
Let w be 4/20 - 3*(-1126)/10. Suppose 5*t + 173 = c + t, 2*c - 4*t - w = 0. Calculate the greatest common divisor of 15 and c.
15
Suppose -z = -m - 2*z + 4, 2*m + 3*z = 9. Suppose -5*o + m*o = -38. What is the greatest common factor of 133 and o?
19
Let c be 26*(-5)/(-10)*1. Suppose -552 = -2*z + 4*o + o, -4*o + 16 = 0. Suppose q = -q + z. Calculate the highest common divisor of c and q.
13
Let y be -1 - (-3 + 1 + -18). Let t be 1*41 + (33 - 36). Calculate the greatest common divisor of y and t.
19
Let b(f) = -5*f + 3. Let u be b(-5). Suppose -5*g + 29 = 9. Suppose 4*s - 5*m + 5 = -g, -s + 4*m - 16 = 0. Calculate the highest common divisor of s and u.
4
Let o = 1035 + 21. Calculate the highest common divisor of 66 and o.
66
Let z be (1*5)/(280/25872). Calculate the highest common factor of z and 66.
66
Let q = 68 + 31. Suppose -m + 36 = -51. Let d = 96 - m. Calculate the highest common factor of q and d.
9
Let i = 32 + -20. Let p = i + -7. Let q be ((-155)/p)/((-1)/2). Calculate the greatest common divisor of 155 and q.
31
Let q = -589 - -637. What is the greatest common factor of 492 and q?
12
Suppose 4*d - 10 = -5*t + 9, -4*d + 10 = 2*t. Suppose 2*x + t*x = 20. What is the highest common factor of 32 and x?
4
Let v be (-36)/(-60) + 67/5. Suppose -3*p + 5*m + 31 = 0, m + v = p + 3*m. Calculate the greatest common factor of p and 6.
6
Suppose -2*x + 3 = -1. Let g be ((-20)/x)/(-5) + -1. Suppose -n - g = -2*n. Calculate the greatest common divisor of n and 8.
1
Suppose 3*j = 8*j - 25. Let w(h) = 8*h + 3. Let q(g) = -4*g - 2. Let i(d) = j*q(d) + 2*w(d). Let s be i(-4). Calculate the greatest common factor of 96 and s.
12
Let q(u) = 49*u**2 + 2*u - 2. Let s be q(2). Let t = 45 + -23. Calculate the greatest common factor of s and t.
22
Let n(x) = 35*x - 14. Let o be n(-6). Let l be 6126/(-4)*o/(-42). Let v be 6/8 + l/(-32). Calculate the greatest common factor of 32 and v.
32
Let m be (-101)/(-2) + 18/(-12). Calculate the greatest common divisor of m and 539.
49
Let k(n) = -n**3 - 6*n**2 - 7*n + 3. Let q(a) = 2*a**2 + a - 6. Let t be q(-4). Let h = 16 - t. Let d be k(h). Calculate the highest common divisor of 9 and d.
9
Suppose -y + 117*w + 3621 = 122*w, w = -3. Calculate the greatest common factor of y and 36.
36
Suppose 0 = -138*u + 142*u + 140. Let k be (5 + 203/u)*(-1 - 99). What is the highest common factor of k and 16?
16
Let m be (-17 - (4 + -2)) + 4. Let t be -4 - 3/(m/125). Calculate the greatest common factor of 168 and t.
21
Let d(f) = -19*f + 45 + 44*f - 21*f. Let r be d(-11). What is the highest common factor of r and 19?
1
Let d = -3 - 2. Let k(y) = -y**3 - 6*y**2 - 6*y - 10. Let l be k(d). Let m = l - -19. Calculate the highest common factor of m and 126.
14
Suppose 7*i - 82 = -19. What is the highest common divisor of i and 2?
1
Let m = -112 - -756. Calculate the greatest common factor of m and 28.
28
Suppose -8*u = 102 - 294. Calculate the highest common divisor of 456 and u.
24
Suppose 0 = 4*k + z - 1370, -4 = -0*z - 2*z. Calculate the greatest common factor of k and 38.
38
Let v be (-2646)/28*(-4)/6. Suppose -v = -4*i + 5*i. Let m = -23 - i. What is the greatest common divisor of 10 and m?
10
Suppose -2*j = 4*x - 24, 49*x + 4*j = 47*x + 12. Calculate the highest common factor of x and 426.
6
Let f = 156 + -129. Let w be (-3)/(2/4 + -2). Let s be (-656)/(-36) - w/9. Calculate the greatest common divisor of f and s.
9
Let l = 3 + 7. Let m(i) = 2*i**2 - 6*i - 6. Let o be m(6). Calculate the highest common divisor of o and l.
10
Let c(p) = -p**3 + 8*p**2 + 10*p - 40. Let x be c(8). Calculate the greatest common factor of x and 8.
8
Let c = 83 + 79. Suppose 9*a = 1026 - c. Calculate the highest common divisor of 24 and a.
24
Let n(v) = -v**3 + 13*v**2 + 5*v + 15. Let d(i) = -i**2 + 8*i + 22. Let y be d(9). Let a be n(y). Calculate the highest common factor of 10 and a.
10
Suppose 2*u = 3*l + 4*u - 67, -8 = 2*u. Let f = -131 - -188. Let k be (f - -18)*1/3. Calculate the greatest common factor of l and k.
25
Let g be (-12 + 1)*22/(-22). Calculate the highest common divisor of 8 and g.
1
Suppose 3*l - 92 = 1. Suppose 4*p = -f + l, 0 = 4*f + 4*p - 42 - 22. What is the highest common divisor of 187 and f?
11
Let s be 1*2 - 4/8*-2. Suppose s*t = -6*t + 54. Calculate the greatest common factor of 42 and t.
6
Let h = 28 + 35. Let m be 2/5 - (-352)/20. Suppose m = 3*y - y. What is the greatest common factor of y and h?
9
Suppose 4*s - 747 = -3*l, 2*l - 91 = -3*s + 469. Let f = 842 + -303. Suppose 136 - f = -13*p. Calculate the greatest common factor of p and s.
31
Suppose -22*u + 5*u + 68 = 0. Suppose 2*p + 3*a = 129 - 9, 5*a - 120 = -2*p. Let y = p - 24. What is the greatest common divisor of u and y?
4
Let r = 2072 - 1088. Calculate the highest common divisor of r and 123.
123
Let u be (-2)/(-2 - 64/(-34)). Suppose 0 = 2*d - u - 13. Let q(h) = h**3 - h**2 + 4*h. Let a be q(5). Calculate the greatest common factor of d and a.
15
Let s(i) = -i + 6. Let g be s(-11). Let c = 3 + g. Suppose -2*l + c = 3*l. Calculate the greatest common divisor of l and 6.
2
Let y = 1210 - 842. What is the greatest common divisor of y and 32?
16
Suppose 118*q - 116*q + m = 64, -16 = -4*m. What is the highest common divisor of q and 870?
30
Let d(t) = -4 - t**3 - 11*t**2 - t + 4. Let v = 103 - 114. Let f be d(v). What is the highest common divisor of f and 22?
11
Let s(a) = 67*a - 297. Let l be s(5). What is the highest common divisor of l and 95?
19
Let a(p) = 2*p + 112. Let s be a(-32). C